{"id":36,"date":"2015-03-03T08:57:28","date_gmt":"2015-03-03T08:57:28","guid":{"rendered":"http:\/\/kanaltouren.de\/?page_id=36"},"modified":"2025-06-11T09:04:01","modified_gmt":"2025-06-11T09:04:01","slug":"geschichten","status":"publish","type":"page","link":"https:\/\/kanaltouren.de\/?page_id=36","title":{"rendered":"Geschichte(n)"},"content":{"rendered":"<p style=\"text-align: justify;\">Der<strong> Skipper<\/strong> segelte in jungen Jahren auf offenen Kielbooten durch Friesland. Im Jahre 2003 wurde die Seefahrt mit passendem Sportbootf\u00fchrerschein wiederaufgenommen. 2008 begann die Kanalfahrt mit einer 2-w\u00f6chigen Tour rund um das Ruhrgebiet. Die entstandene Begeisterung soll hier nun endlich geteilt werden!<\/p>\n<table style=\"border: none;\">\n<tbody>\n<tr>\n<td style=\"vertical-align: top; text-align: justify; border: none;\">Das <a href=\"https:\/\/bastelbude.grade.de\/2013\/01\/28\/mehrzweckboot\/\" target=\"_blank\" rel=\"noopener\"><strong>Mehrzweckboot<\/strong><\/a> arbeitete mit der Bereitschaftspolizei K\u00f6ln in sch\u00f6nstem babyblau. \u00dcber reichlich Umwege und Misshandlungen fand es als Ebay-Schn\u00e4ppchen den Weg ins Ruhrgebiet. Neu lackiert und mit zeitgem\u00e4\u00dfem 4-Takter hat es einige Endeckungsreisen durch Amsterdam, Utrecht und den Hamburger Hafen unternommen. Im Heimatrevier tobt es sich vorwiegend auf dem Niederrhein zwischen Duisburg und Wesel mit bis zu 40km\/h aus.<\/td>\n<td style=\"border: none;\"><\/td>\n<\/tr>\n<\/tbody>\n<\/table>\n<table style=\"border: none;\">\n<tbody>\n<tr>\n<td style=\"vertical-align: top; text-align: justify; border: none;\">Die <a href=\"https:\/\/bastelbude.grade.de\/2013\/11\/28\/e-ship\/\" target=\"_blank\" rel=\"noopener\"><strong>Grundel<\/strong><\/a> segelte rund um Leiden unter F\u00fchrung eines Chemieprofessors. Der perfekten Liegeplatz gleich hinter Haus und Garten am Kanal. Der \u00dcberf\u00fchrungst\u00f6rn zeigte die Sch\u00f6nheiten van &#8218;Het Groene Hart&#8216;. Auf den &#8218;Randmeeren&#8216; wurden das Gaffelsegel gesetzt. Aktuell wird das Plattbodenboot mit einem Elektromotor f\u00fcr fl\u00fcsterleisen Betrieb ausgestattet.<\/td>\n<td style=\"border: none;\"><\/td>\n<\/tr>\n<\/tbody>\n<\/table>\n<table style=\"border: none;\">\n<tbody>\n<tr>\n<td style=\"vertical-align: top; text-align: justify; border: none;\">Das <a href=\"https:\/\/bastelbude.grade.de\/?s=Rettungsboot\" target=\"_blank\" rel=\"noopener\"><strong>Rettungsboot<\/strong><\/a> war f\u00fcr 32 Personen zugelassen. An welchem Schiff es Dienst tat, ist leider nicht bekannt. Es folgte der Umbau zum Miniatur-Fischkutter. Als Kaj\u00fcte diente das Dach eines VW-Campingbusses. In Elsfleth stationiert, folgte eine Karriere als Angelboot. Im Herbst 2014 wechselte der Besitzer. \u00dcberf\u00fchrung via Hunte, K\u00fcstenkanal und Dortmund-Ems-Kanal. In Lingen unfreiwilliger Zwischenstop wegen 26-t\u00e4giger Schleusensperrung. Gelegenheit f\u00fcr Abstecher auf obere Ems und Ems-Vechte-Kanal. Angekommen im Revier, R\u00fcckbau zum offenen Tuckerboot und Grundsteinlegung f\u00fcr diese Aktivit\u00e4ten.<\/td>\n<td style=\"border: none;\"><\/td>\n<\/tr>\n<\/tbody>\n<\/table>\n<p>Mit dem <a href=\"https:\/\/bastelbude.grade.de\/2018\/08\/10\/monarch-hubkiel-jolle\/\" target=\"_blank\" rel=\"noopener\"><strong>Monarch<\/strong><\/a> folgte eine CAT-getakelte Einhand-Kieljolle. Im H\u00e4rtetest bei der <a href=\"https:\/\/bastelbude.grade.de\/2019\/06\/12\/rheinwoche-2019\/\" target=\"_blank\" rel=\"noopener\">Rheinwoche 2019<\/a> wurde bewiesen, da\u00df das &#8218;unkenterbare&#8216; Segelboot sehr wohl auf den Kopf gelegt werden kann!<strong><br \/>\n<\/strong><\/p>\n<p>Die <a href=\"https:\/\/bastelbude.grade.de\/2016\/06\/15\/drammer-700\/\" target=\"_blank\" rel=\"noopener\"><strong>Drammer 700<\/strong><\/a> hat ebenfalls den Weg aus den Niederlanden ins Ruhrgebiet gefunden. Mit der geringen H\u00f6he perfekt f\u00fcr den relativ neuen Koning Willem-Alexanderkanaal, vorbei am Museumsdorf Veenpark. Anschlie\u00dfend auf gro\u00dfer Rundtour \u00fcber DEK, Weser, Hunte, K\u00fcstenkanal, DEK.<\/p>\n<p>J\u00fcngster Zugang der Flotte: Eine <a href=\"https:\/\/bastelbude.grade.de\/2020\/02\/27\/micropolka\/\" target=\"_blank\" rel=\"noopener\"><strong>Micropolka<\/strong><\/a> , meist \u00fcber das Reeser Meer beim Reeser Ruderverein unter Segel oder mit einem Elektro-Au\u00dfenborder bewegt &#8230;<\/p>\n<p>&nbsp;<\/p>\n","protected":false},"excerpt":{"rendered":"<p>Der Skipper segelte in jungen Jahren auf offenen Kielbooten durch Friesland. Im Jahre 2003 wurde die Seefahrt mit passendem Sportbootf\u00fchrerschein wiederaufgenommen. 2008 begann die Kanalfahrt mit einer 2-w\u00f6chigen Tour rund um das Ruhrgebiet. Die entstandene Begeisterung soll hier nun endlich geteilt werden! Das Mehrzweckboot arbeitete mit der Bereitschaftspolizei K\u00f6ln in sch\u00f6nstem babyblau. \u00dcber reichlich Umwege [&hellip;]<\/p>\n","protected":false},"author":1,"featured_media":0,"parent":0,"menu_order":0,"comment_status":"closed","ping_status":"closed","template":"","meta":{"footnotes":""},"categories":[4,3],"tags":[],"class_list":["post-36","page","type-page","status-publish","hentry","category-impressum","category-information"],"_links":{"self":[{"href":"https:\/\/kanaltouren.de\/index.php?rest_route=\/wp\/v2\/pages\/36","targetHints":{"allow":["GET"]}}],"collection":[{"href":"https:\/\/kanaltouren.de\/index.php?rest_route=\/wp\/v2\/pages"}],"about":[{"href":"https:\/\/kanaltouren.de\/index.php?rest_route=\/wp\/v2\/types\/page"}],"author":[{"embeddable":true,"href":"https:\/\/kanaltouren.de\/index.php?rest_route=\/wp\/v2\/users\/1"}],"replies":[{"embeddable":true,"href":"https:\/\/kanaltouren.de\/index.php?rest_route=%2Fwp%2Fv2%2Fcomments&post=36"}],"version-history":[{"count":12,"href":"https:\/\/kanaltouren.de\/index.php?rest_route=\/wp\/v2\/pages\/36\/revisions"}],"predecessor-version":[{"id":203,"href":"https:\/\/kanaltouren.de\/index.php?rest_route=\/wp\/v2\/pages\/36\/revisions\/203"}],"wp:attachment":[{"href":"https:\/\/kanaltouren.de\/index.php?rest_route=%2Fwp%2Fv2%2Fmedia&parent=36"}],"wp:term":[{"taxonomy":"category","embeddable":true,"href":"https:\/\/kanaltouren.de\/index.php?rest_route=%2Fwp%2Fv2%2Fcategories&post=36"},{"taxonomy":"post_tag","embeddable":true,"href":"https:\/\/kanaltouren.de\/index.php?rest_route=%2Fwp%2Fv2%2Ftags&post=36"}],"curies":[{"name":"wp","href":"https:\/\/api.w.org\/{rel}","templated":true}]}}

<p style="text-align: justify;">Der<strong> Skipper</strong> segelte in jungen Jahren auf offenen Kielbooten durch Friesland. Im Jahre 2003 wurde die Seefahrt mit passendem Sportbootführerschein wiederaufgenommen. 2008 begann die Kanalfahrt mit einer 2-wöchigen Tour rund um das Ruhrgebiet. Die entstandene Begeisterung soll hier nun endlich geteilt werden!</p>
<table style="border: none;">
<tbody>
<tr>
<td style="vertical-align: top; text-align: justify; border: none;">Das <a href="https://bastelbude.grade.de/2013/01/28/mehrzweckboot/" target="_blank" rel="noopener"><strong>Mehrzweckboot</strong></a> arbeitete mit der Bereitschaftspolizei Köln in schönstem babyblau. Über reichlich Umwege und Misshandlungen fand es als Ebay-Schnäppchen den Weg ins Ruhrgebiet. Neu lackiert und mit zeitgemäßem 4-Takter hat es einige Endeckungsreisen durch Amsterdam, Utrecht und den Hamburger Hafen unternommen. Im Heimatrevier tobt es sich vorwiegend auf dem Niederrhein zwischen Duisburg und Wesel mit bis zu 40km/h aus.</td>
<td style="border: none;"></td>
</tr>
</tbody>
</table>
<table style="border: none;">
<tbody>
<tr>
<td style="vertical-align: top; text-align: justify; border: none;">Die <a href="https://bastelbude.grade.de/2013/11/28/e-ship/" target="_blank" rel="noopener"><strong>Grundel</strong></a> segelte rund um Leiden unter Führung eines Chemieprofessors. Der perfekten Liegeplatz gleich hinter Haus und Garten am Kanal. Der Überführungstörn zeigte die Schönheiten van &#8218;Het Groene Hart&#8216;. Auf den &#8218;Randmeeren&#8216; wurden das Gaffelsegel gesetzt. Aktuell wird das Plattbodenboot mit einem Elektromotor für flüsterleisen Betrieb ausgestattet.</td>
<td style="border: none;"></td>
</tr>
</tbody>
</table>
<table style="border: none;">
<tbody>
<tr>
<td style="vertical-align: top; text-align: justify; border: none;">Das <a href="https://bastelbude.grade.de/?s=Rettungsboot" target="_blank" rel="noopener"><strong>Rettungsboot</strong></a> war für 32 Personen zugelassen. An welchem Schiff es Dienst tat, ist leider nicht bekannt. Es folgte der Umbau zum Miniatur-Fischkutter. Als Kajüte diente das Dach eines VW-Campingbusses. In Elsfleth stationiert, folgte eine Karriere als Angelboot. Im Herbst 2014 wechselte der Besitzer. Überführung via Hunte, Küstenkanal und Dortmund-Ems-Kanal. In Lingen unfreiwilliger Zwischenstop wegen 26-tägiger Schleusensperrung. Gelegenheit für Abstecher auf obere Ems und Ems-Vechte-Kanal. Angekommen im Revier, Rückbau zum offenen Tuckerboot und Grundsteinlegung für diese Aktivitäten.</td>
<td style="border: none;"></td>
</tr>
</tbody>
</table>
<p>Mit dem <a href="https://bastelbude.grade.de/2018/08/10/monarch-hubkiel-jolle/" target="_blank" rel="noopener"><strong>Monarch</strong></a> folgte eine CAT-getakelte Einhand-Kieljolle. Im Härtetest bei der <a href="https://bastelbude.grade.de/2019/06/12/rheinwoche-2019/" target="_blank" rel="noopener">Rheinwoche 2019</a> wurde bewiesen, daß das &#8218;unkenterbare&#8216; Segelboot sehr wohl auf den Kopf gelegt werden kann!<strong><br />
</strong></p>
<p>Die <a href="https://bastelbude.grade.de/2016/06/15/drammer-700/" target="_blank" rel="noopener"><strong>Drammer 700</strong></a> hat ebenfalls den Weg aus den Niederlanden ins Ruhrgebiet gefunden. Mit der geringen Höhe perfekt für den relativ neuen Koning Willem-Alexanderkanaal, vorbei am Museumsdorf Veenpark. Anschließend auf großer Rundtour über DEK, Weser, Hunte, Küstenkanal, DEK.</p>
<p>Jüngster Zugang der Flotte: Eine <a href="https://bastelbude.grade.de/2020/02/27/micropolka/" target="_blank" rel="noopener"><strong>Micropolka</strong></a> , meist über das Reeser Meer beim Reeser Ruderverein unter Segel oder mit einem Elektro-Außenborder bewegt &#8230;</p>
<p>&nbsp;</p>

<p>Der Skipper segelte in jungen Jahren auf offenen Kielbooten durch Friesland. Im Jahre 2003 wurde die Seefahrt mit passendem Sportbootführerschein wiederaufgenommen. 2008 begann die Kanalfahrt mit einer 2-wöchigen Tour rund um das Ruhrgebiet. Die entstandene Begeisterung soll hier nun endlich geteilt werden! Das Mehrzweckboot arbeitete mit der Bereitschaftspolizei Köln in schönstem babyblau. Über reichlich Umwege [&hellip;]</p>
