{"id":19,"date":"2015-03-02T16:35:57","date_gmt":"2015-03-02T16:35:57","guid":{"rendered":"http:\/\/kanaltouren.de\/?page_id=19"},"modified":"2025-06-11T08:22:09","modified_gmt":"2025-06-11T08:22:09","slug":"mit-dem-offenen-motorboot-unterwegs","status":"publish","type":"page","link":"https:\/\/kanaltouren.de\/?page_id=19","title":{"rendered":"Mit dem offenen Motorboot unterwegs &#8230;"},"content":{"rendered":"<table style=\"border: none;\">\n<tbody>\n<tr>\n<td style=\"vertical-align: top; text-align: justify; border: none;\">Wir sind mit einem h\u00fcbschen, kleinen Tuckerboot unterwegs: Das ehemalige Rettungsboot bietet 8 Sitzpl\u00e4tze in bequemen Regiest\u00fchlen. Der Skipper beh\u00e4lt die \u00dcbersicht und bedient stehend die Pinne. Der sparsame Dieselmotor verrichtet gut ged\u00e4mmt seine Arbeit. Ein Porta Potti steht f\u00fcr kleine Notf\u00e4lle bereit.<\/td>\n<td style=\"border: none;\"><img loading=\"lazy\" decoding=\"async\" class=\" size-medium wp-image-119 alignright\" src=\"https:\/\/kanaltouren.de\/wordpress\/wp-content\/uploads\/2015\/03\/reddingssloep_blue-300x181.jpg\" alt=\"reddingssloep_blue\" width=\"300\" height=\"181\" srcset=\"https:\/\/kanaltouren.de\/wordpress\/wp-content\/uploads\/2015\/03\/reddingssloep_blue-300x181.jpg 300w, https:\/\/kanaltouren.de\/wordpress\/wp-content\/uploads\/2015\/03\/reddingssloep_blue.jpg 544w\" sizes=\"auto, (max-width: 300px) 100vw, 300px\" \/><\/td>\n<\/tr>\n<\/tbody>\n<\/table>\n<p>Mit seinen \u00fcberschaubaren Abmessungen von 7,5m x 2,4m ist das Boot nicht behindertengerecht. Ein wenig k\u00f6rperliche Fitness ist zum Ein- und Aussteigen erforderlich.<\/p>\n<p>Unsere <a title=\"Touren\" href=\"http:\/\/kanaltouren.de\/?page_id=28\">Tourenvorschl\u00e4ge<\/a><\/p>\n","protected":false},"excerpt":{"rendered":"<p>Wir sind mit einem h\u00fcbschen, kleinen Tuckerboot unterwegs: Das ehemalige Rettungsboot bietet 8 Sitzpl\u00e4tze in bequemen Regiest\u00fchlen. Der Skipper beh\u00e4lt die \u00dcbersicht und bedient stehend die Pinne. Der sparsame Dieselmotor verrichtet gut ged\u00e4mmt seine Arbeit. Ein Porta Potti steht f\u00fcr kleine Notf\u00e4lle bereit. Mit seinen \u00fcberschaubaren Abmessungen von 7,5m x 2,4m ist das Boot nicht [&hellip;]<\/p>\n","protected":false},"author":1,"featured_media":0,"parent":0,"menu_order":0,"comment_status":"closed","ping_status":"closed","template":"","meta":{"footnotes":""},"categories":[3],"tags":[5,6,10,13,7],"class_list":["post-19","page","type-page","status-publish","hentry","category-information","tag-boot","tag-bootsvermietung","tag-tuckerboot","tag-vermietung","tag-yachtcharter"],"_links":{"self":[{"href":"https:\/\/kanaltouren.de\/index.php?rest_route=\/wp\/v2\/pages\/19","targetHints":{"allow":["GET"]}}],"collection":[{"href":"https:\/\/kanaltouren.de\/index.php?rest_route=\/wp\/v2\/pages"}],"about":[{"href":"https:\/\/kanaltouren.de\/index.php?rest_route=\/wp\/v2\/types\/page"}],"author":[{"embeddable":true,"href":"https:\/\/kanaltouren.de\/index.php?rest_route=\/wp\/v2\/users\/1"}],"replies":[{"embeddable":true,"href":"https:\/\/kanaltouren.de\/index.php?rest_route=%2Fwp%2Fv2%2Fcomments&post=19"}],"version-history":[{"count":13,"href":"https:\/\/kanaltouren.de\/index.php?rest_route=\/wp\/v2\/pages\/19\/revisions"}],"predecessor-version":[{"id":193,"href":"https:\/\/kanaltouren.de\/index.php?rest_route=\/wp\/v2\/pages\/19\/revisions\/193"}],"wp:attachment":[{"href":"https:\/\/kanaltouren.de\/index.php?rest_route=%2Fwp%2Fv2%2Fmedia&parent=19"}],"wp:term":[{"taxonomy":"category","embeddable":true,"href":"https:\/\/kanaltouren.de\/index.php?rest_route=%2Fwp%2Fv2%2Fcategories&post=19"},{"taxonomy":"post_tag","embeddable":true,"href":"https:\/\/kanaltouren.de\/index.php?rest_route=%2Fwp%2Fv2%2Ftags&post=19"}],"curies":[{"name":"wp","href":"https:\/\/api.w.org\/{rel}","templated":true}]}}