{"id":132,"date":"2019-07-26T08:25:13","date_gmt":"2019-07-26T08:25:13","guid":{"rendered":"http:\/\/kanaltouren.de\/?page_id=132"},"modified":"2019-07-26T08:25:13","modified_gmt":"2019-07-26T08:25:13","slug":"ruhr","status":"publish","type":"page","link":"https:\/\/kanaltouren.de\/?page_id=132","title":{"rendered":"Ruhr"},"content":{"rendered":"<p>sehr gute Revierbeschreibung von der M\u00fcndung bis zum Baldeneysee bei <a href=\"http:\/\/www.bootstechnik.de\" target=\"_blank\" rel=\"noopener noreferrer\">bootstechnik.de<\/a>:<\/p>\n<ul>\n<li><a href=\"http:\/\/www.bootstechnik.de\/2011\/03\/16\/ruhr-meiderich\/\" target=\"_blank\" rel=\"noopener noreferrer\">Meiderich Schleuse \u2013 von der M\u00fcndung Richtung Quelle<\/a><\/li>\n<li><a href=\"http:\/\/www.bootstechnik.de\/2011\/03\/16\/ruhr-raffelberg\/\" target=\"_blank\" rel=\"noopener noreferrer\">Raffelberg Schleuse bis M\u00fclheim: Industriekultur<\/a><\/li>\n<li><a href=\"http:\/\/www.bootstechnik.de\/2011\/03\/16\/ruhr-wasserbahnhof\/\" target=\"_blank\" rel=\"noopener noreferrer\">Wasserbahnhof Schleuse: am Puls von M\u00fclheim<\/a><\/li>\n<li><a href=\"http:\/\/www.bootstechnik.de\/2011\/03\/18\/ruhr-kettwig\/\" target=\"_blank\" rel=\"noopener noreferrer\">Kettwig Schleuse auf der Ruhr: Altstadtflair &amp; Natur<\/a><\/li>\n<li><a href=\"http:\/\/www.bootstechnik.de\/2011\/03\/18\/ruhr-schleuse-baldeney\/\" target=\"_blank\" rel=\"noopener noreferrer\">Baldeney Schleuse auf der Ruhr: Zugang zum See<\/a><\/li>\n<\/ul>\n","protected":false},"excerpt":{"rendered":"<p>sehr gute Revierbeschreibung von der M\u00fcndung bis zum Baldeneysee bei bootstechnik.de: Meiderich Schleuse \u2013 von der M\u00fcndung Richtung Quelle Raffelberg Schleuse bis M\u00fclheim: Industriekultur Wasserbahnhof Schleuse: am Puls von M\u00fclheim Kettwig Schleuse auf der Ruhr: Altstadtflair &amp; Natur Baldeney Schleuse auf der Ruhr: Zugang zum See<\/p>\n","protected":false},"author":1,"featured_media":0,"parent":0,"menu_order":0,"comment_status":"closed","ping_status":"closed","template":"","meta":{"footnotes":""},"categories":[3],"tags":[],"class_list":["post-132","page","type-page","status-publish","hentry","category-information"],"_links":{"self":[{"href":"https:\/\/kanaltouren.de\/index.php?rest_route=\/wp\/v2\/pages\/132","targetHints":{"allow":["GET"]}}],"collection":[{"href":"https:\/\/kanaltouren.de\/index.php?rest_route=\/wp\/v2\/pages"}],"about":[{"href":"https:\/\/kanaltouren.de\/index.php?rest_route=\/wp\/v2\/types\/page"}],"author":[{"embeddable":true,"href":"https:\/\/kanaltouren.de\/index.php?rest_route=\/wp\/v2\/users\/1"}],"replies":[{"embeddable":true,"href":"https:\/\/kanaltouren.de\/index.php?rest_route=%2Fwp%2Fv2%2Fcomments&post=132"}],"version-history":[{"count":1,"href":"https:\/\/kanaltouren.de\/index.php?rest_route=\/wp\/v2\/pages\/132\/revisions"}],"predecessor-version":[{"id":133,"href":"https:\/\/kanaltouren.de\/index.php?rest_route=\/wp\/v2\/pages\/132\/revisions\/133"}],"wp:attachment":[{"href":"https:\/\/kanaltouren.de\/index.php?rest_route=%2Fwp%2Fv2%2Fmedia&parent=132"}],"wp:term":[{"taxonomy":"category","embeddable":true,"href":"https:\/\/kanaltouren.de\/index.php?rest_route=%2Fwp%2Fv2%2Fcategories&post=132"},{"taxonomy":"post_tag","embeddable":true,"href":"https:\/\/kanaltouren.de\/index.php?rest_route=%2Fwp%2Fv2%2Ftags&post=132"}],"curies":[{"name":"wp","href":"https:\/\/api.w.org\/{rel}","templated":true}]}}